-u*r - 5. Is r + -1 + (1 - -8) a composite number?
False
Is 2 - ((-1131)/3 - 2) a composite number?
True
Let f(c) = c**3 + 7*c**2 + 3*c + 3. Let r be f(-6). Let h = 74 + r. Is h prime?
False
Let d(w) = 6*w**2 + 27*w - 16. Is d(-19) composite?
False
Let u(a) = -a**3 + 6*a**2 - 4*a - 1. Let f be u(5). Let r(c) = 7*c. Let q be r(f). Suppose -q = -2*x + 14. Is x composite?
True
Let f(d) = d. Let m = -4 - -3. Let z(x) = 33*x + 1. Let r(q) = m*z(q) + 5*f(q). Is r(-3) prime?
True
Is ((-9922)/(-33))/((-4)/(-6)) a prime number?
False
Let x = 826 - 433. Is x a composite number?
True
Suppose 3*c + 3 = -3*w, 2*w + 16 = 2*c + 3*c. Let z be c/(-1 + -3)*-122. Suppose v - 18 = z. Is v composite?
False
Let z(i) = i**2 + 6*i - 5. Let p(a) = 3*a - 3. Let c(g) = -5*p(g) + 3*z(g). Let l be c(-4). Let f = -17 + l. Is f prime?
True
Suppose 0 = 5*h - 5*c - 15, -5*h + 27 = 5*c - 4*c. Suppose 0 = u + 4, -3*u = -h*z - 0 + 62. Is z prime?
False
Suppose -z = 4 - 671. Is z a prime number?
False
Is (-6)/14 + 7/((-98)/(-21188)) a prime number?
False
Suppose 3*h + 4*v - 165 - 36 = 0, -4*h + 268 = 3*v. Is h prime?
True
Suppose -61 - 69 = -2*o. Is o prime?
False
Let f(u) = -u**3 + 7*u**2 - 9*u - 12. Is f(-7) a prime number?
False
Suppose 0 = -s - s - d + 1157, -5*s = 5*d - 2880. Is s a composite number?
True
Suppose 0*f - 277 = -f. Is f a prime number?
True
Let z(k) be the second derivative of 13*k**3/6 - 9*k**2/2 - k. Is z(8) a composite number?
True
Suppose -3*r = r - 1908. Suppose -2*n = n - r. Is n prime?
False
Let v(w) = 9*w**3 - w**2. Let y be v(1). Suppose 7*x = y*x - 7. Is x a prime number?
True
Let u = 63 - 12. Is u prime?
False
Let x(v) be the third derivative of v**4/24 + 211*v**3/6 + 3*v**2. Is x(0) a composite number?
False
Suppose 0 = 5*b + 3*g - 5441, b + 1083 = 2*b - 2*g. Is b prime?
True
Is ((160/12)/(-8))/((-1)/993) a prime number?
False
Let h(w) = w**3 + 4*w**2 + w - 1. Let x be h(-3). Suppose 9 - 264 = -x*u. Is u a prime number?
False
Let z = 10 - 46. Is (-99)/z + (-2)/(-8) a prime number?
True
Let i(j) = 2*j**2 + 5*j + 9. Let u(n) = n**3 - 2*n**2 - 7*n + 6. Let h be u(4). Is i(h) composite?
True
Let v(t) = -158*t**3 + 5*t**2 + 9*t - 3. Let j be v(-4). Is j/55 + 4/10 prime?
False
Let g(h) = 5*h - 2. Let k be g(4). Let p be k/(-24)*8/(-2). Is ((-1688)/12)/((-2)/p) a composite number?
False
Let n(y) = 4*y**3 + y**2 - y - 1. Let v be n(-1). Let f = v - -3. Let o(b) = b + 49. Is o(f) a prime number?
False
Suppose -6 = 5*o - 16. Let y be ((-14)/4)/(o/(-112)). Suppose r - 5*r = -y. Is r composite?
True
Let l be 60/(-9) - 6/(-9). Let o(w) = w**2 + 14. Let s be o(0). Is (-2)/(-3) - s/l a composite number?
False
Suppose -7*u + 76 = -3*u. Suppose -u = -4*n + 3*n. Is n a composite number?
False
Suppose -4*q + o = -33, q - 2*o = -0*o + 10. Suppose 5*p + 10 = -5*f, -5*f + 6 + q = -p. Suppose 3*z - b = 189, z - f*b + 1 = 69. Is z prime?
False
Suppose 5*i = 4*o + 10 - 36, 0 = -4*o + 3*i + 22. Let a = o - 4. Suppose a = -4*s - 54 + 202. Is s composite?
False
Let o = 62 + 3. Is o a composite number?
True
Suppose 4*j = 780 + 172. Suppose 735 = -4*g - g. Let x = j + g. Is x prime?
False
Let s(x) = 1081*x**2 - 2*x - 1. Is s(-1) a composite number?
True
Suppose 0 = -0*t - 2*t + 662. Is t a composite number?
False
Let c = 488 - 275. Is c prime?
False
Let j = 12 + -13. Let b(z) = 59*z**2. Is b(j) a composite number?
False
Let c(r) = 3*r - 4. Let o be c(3). Let x(g) = -g**3 + 4*g**2 + 5*g - 2. Let n be x(o). Is -1 - 1 - 30/n a prime number?
True
Let i(b) = -86*b + 13. Let n(m) = -86*m + 12. Let r(u) = 4*i(u) - 5*n(u). Let d be r(6). Suppose -5*w = -w - d. Is w a composite number?
False
Let x(c) = 113*c**2 + 6*c - 7. Is x(2) a composite number?
False
Suppose -5*b = -10*b + 1315. Is b composite?
False
Suppose -2*n + 40 - 16 = 0. Is ((-573)/n)/((-1)/4) composite?
False
Let s(r) = -r**3 - r - 954. Let a be s(0). Is a/(-8) - 3/12 prime?
False
Let a(k) = k**2 + 7*k - 9. Is a(-11) prime?
False
Let f(i) = 12*i. Let z be f(-3). Let p = z + 64. Suppose p = 3*w - w. Is w prime?
False
Let p(n) = -201*n + 13. Is p(-8) a composite number?
False
Let i = 974 + -640. Is i composite?
True
Let n be (-2 - 4) + 3 + 3. Let r(o) = -2*o + 71. Is r(n) prime?
True
Is ((-1)/3)/((-4)/4740) a composite number?
True
Suppose k = -2*k + 777. Is k a prime number?
False
Is 4 - 4 - (-1 - 93) a prime number?
False
Let i(b) = -b + 12. Let q be i(6). Let m(p) = 2 + 7*p - 3 - 6. Is m(q) a prime number?
False
Suppose 0*d + 6*d = 3354. Is d a composite number?
True
Let p(u) be the second derivative of 17*u**3/3 - u**2/2 + 2*u. Is p(2) prime?
True
Let u be (4/(-7))/((-4)/14). Suppose 179 = 5*c + 2*s, -u*c + c + 31 = -2*s. Is c composite?
True
Let k(l) = -8*l**2 + 6*l - 3. Let q(p) = p**3 + 25*p**2 - 18*p + 9. Let h(b) = 7*k(b) + 2*q(b). Let u(d) = -4*d**3 + d**2 + d. Let v be u(-1). Is h(v) prime?
True
Let k(p) = 375*p**2 - 10*p - 33. Is k(-4) prime?
True
Let w(s) = -5*s**3 - 6*s**2 - 6*s - 7. Let z = -1 - -2. Let o(h) = h**3 + 1. Let x(m) = z*w(m) + 4*o(m). Is x(-6) composite?
True
Suppose 25*x - 21*x - 4172 = 0. Is x prime?
False
Let f(k) be the third derivative of k**4/24 + 4*k**3/3 + 2*k**2. Let h be f(-6). Suppose 0 = h*l - 48 + 6. Is l a composite number?
True
Let x = -369 + 151. Let g = x - -315. Suppose -4*l + g = 13. Is l a composite number?
True
Let p = -2743 + 6510. Is p/15 - 8/60 a composite number?
False
Let a(j) = 85*j - 7. Is a(2) composite?
False
Suppose -c - 50 = c. Let u = 5 + 41. Let p = c + u. Is p composite?
True
Let w be 0/(0 - (4 + -2)). Suppose -h + 2*s - s + 11 = w, -s = h - 15. Is h a prime number?
True
Let l(r) = -r**3 + 6*r**2 - 6*r + 5. Let z be l(5). Suppose q + 3*n - 4 + 23 = z, 5*n + 48 = -4*q. Let p(j) = -j**3 - 7*j**2 - 7*j + 4. Is p(q) prime?
True
Let z = -185 - -513. Suppose -3*u + z = u. Let l = u - 48. Is l a prime number?
False
Let k = -17 + 38. Is k prime?
False
Let d(j) = 6*j**3 - 12*j**2 - 25*j + 7. Let m(y) = 5*y**3 - 12*y**2 - 24*y + 8. Let l(w) = 4*d(w) - 5*m(w). Is l(13) prime?
True
Let j = -26 - -38. Let c(k) = k**3 - 11*k**2 - 7*k + 9. Is c(j) a composite number?
True
Let j = -3 - -7. Suppose 4*z - j*d - 260 = 300, -4*d = -5*z + 705. Is z prime?
False
Suppose -x = 3*x. Suppose x*j + 4*j - 12 = 0. Is j composite?
False
Let o(y) = -y + 5. Suppose 0 = -4*c + 3*n - 23, 4*n = -4*c - 21 + 5. Is o(c) prime?
False
Suppose -2*z - 3*z + 162 = -4*o, -2*z + o = -66. Is z a prime number?
False
Let t = -372 + 743. Is t a prime number?
False
Let k(g) = 5*g**3 - g**2 + g - 1. Let d be k(1). Suppose 4*c + 3*n = 19, 0*n - 16 = 4*c - d*n. Is c/(-2) - 297/(-6) prime?
False
Let h be -2*(-68)/8 + 2. Suppose 5*y - 271 = h. Is y a prime number?
False
Let v(t) = t**2 - t - 1. Let r be v(-2). Suppose 0 = -r*i + 11 + 9. Suppose 3*m - 30 = -0*p + i*p, 5*p - 15 = 0. Is m composite?
True
Let m be (-1416)/9*12/2. Is (-2)/(2 + m/470) a prime number?
False
Let k = -11 - -17. Is k composite?
True
Suppose -8636 = -18*f + 14*f. Is f a composite number?
True
Suppose -4*o - 533 = -5*o. Is o composite?
True
Let l be 36/10*90/(-27). Let w(g) = g**3 + 14*g**2 + 16*g + 15. Is w(l) prime?
False
Suppose -2477 = -6*l - 131. Is l prime?
False
Suppose -242 = -0*f - 2*f. Suppose -t + 4*i + 3 + 3 = 0, 0 = -4*i. Let z = f + t. Is z prime?
True
Suppose 12 = 3*k - 0*k. Suppose -q - k*q + 20 = 0. Suppose q*n + 117 = d + 3*n, n = -d + 125. Is d a composite number?
True
Let y = 2312 - 913. Is y prime?
True
Suppose -3*p - 4*d + 13 = 0, -3*p - 3*d + 11 = -d. Suppose -7*o = -p*o + 348. Is (o*1)/(-2 + 1) a composite number?
True
Let f be 3/(-6)*(4 + -4). Suppose 5*g - 3*y - 2429 = f, -4*g - y + 1946 = -2*y. Is g composite?
False
Let o(s) be the first derivative of -s**3/3 + 5*s**2/2 + 4*s - 1. Let v be 16/12 + 5/3. Is o(v) composite?
True
Let f(g) = -891*g**3 - 2*g**2 - 3*g - 1. Let v be f(-1). Let k = v + 28. Is k a composite number?
False
Suppose -5*h - 2687 = -7102. Is h a prime number?
True
Let y = 374 - 641. Let s be 4/16 + y/(-4). Let q = s + -33. Is q prime?
False
Suppose -3*k + 5*m + 1013 = 0, 3*k - 1001 = 3*m - m. Is k a composite number?
False
Let z(p) = -p**2 + 4*p - 2. Suppose -3*c + 9 = -0*c. Let j be z(c). Is 0/j - 67/(-1) a prime number?
True
Suppose -269 = -3*j + 88. Is j prime?
False
Suppose 7*c + 222 = 1195. Is